-34
-73
Calculate 1 + 158 + -77 + 11.
93
Evaluate -23 + (5 - 19) + (-15 + 18 - -7).
-27
Evaluate 31 - (-39 - -91 - 8).
-13
Calculate 39 + -1 - 1 - (-155 + 166) - -3.
29
Calculate -45 + (2 - ((-2 - 7) + (-8 - -16 - -8))).
-50
What is (-21 + 103 - -1) + -76?
7
-59 + (0 - -19 - (-67 + 60)) + 1 + -9
-41
What is the value of 6 + -4 - 0 - ((371 - 373) + 14 + 2)?
-12
Calculate (1 - 45) + 258 + -200.
14
What is the value of (7 + 5 - 77) + 7?
-58
-16 - ((0 - 3) + 6 + 15 + -10)
-24
Evaluate 7 + 0 - 9 - (-28 - (4 + 7)).
37
Evaluate (-26 - -15) + 34 + 12.
35
What is the value of -2 + 5 + (3 - 0) - (81 + -93)?
18
What is the value of 1202 + -1179 - (26 + 1)?
-4
Evaluate -49 - (8 + -48 - -21).
-30
What is the value of -3 - -11 - (-1 + 4 - 10 - (7 + -14))?
8
Calculate 0 + 2 - (-5481 + 5534).
-51
-15 + (-6 - -5) - (73 + -83) - 12
-18
-6 - (-11 + 2 - (2 - 15)) - -8
-2
What is (4 - -4 - (-113 + 38)) + 7 - 14?
76
What is -7 + 7 + -1 + (-40 - (-10 - -5) - 14)?
-50
What is 7 - (-1 + (-29 - -21 - 0))?
16
Calculate 0 + 4 + 3 + (-25 - -68) + -2.
48
What is ((-1 - 0) + (-2 - -9) - -7) + 1?
14
-4 - (-13 - (-53 + (12 - (19 + -6))))
-45
Evaluate (48 + -2 - 4) + (24 - (-1 + 3) - 33).
31
(-7 + 8 - (68 - 3)) + (-5 - (32 - 38))
-63
What is the value of -23 + (3 - (-5 + -5 + 3)) - 23?
-36
Evaluate (33 - 36) + -21 + -6 + 0.
-30
What is 45 + -9 - 28 - (-2 - (6 + 49))?
65
What is (-6 + 8 - 8) + -39 + 52 - 39?
-32
What is 0 + -5 - (-722 - -701)?
16
Evaluate -3 + 30 + -15 + (-3 - 3) + (-19 - -118).
105
What is -15 + (1 - -6) + 6 + 12 + 2?
12
What is 24 + (12 - 76) + 20?
-20
Evaluate (-84 - -160) + (4 - 41).
39
Calculate -28 + 57 + -123 - -43.
-51
-32 - (-31 + -16) - 40
-25
-39 + (-5 - (-21 - (-20 - (13 - 16))))
-40
Calculate (-41 - -3) + -129 + 21 + 103.
-43
What is 590 + -578 - (-4 + (0 - 0))?
16
Calculate (76 - 23 - (0 + -1 + 0)) + 43 + -55.
42
12 + (37 - (35 + -43)) + 1 + 7
65
What is 146 + 16 + -29 + (-12 - -25 - 20)?
126
Calculate -1 + -49 + (47 - 136) + 129.
-10
1 - 10 - (1761 - 1802)
32
What is (10 - -4) + (-9 - -12)?
17
What is the value of -96 - -38 - -135 - -50?
127
Evaluate -38800 - -38799 - (-15 + -1 + (2 - 2)) - 117.
-102
What is (18 - -31) + -37 + -44?
-32
Evaluate (22 - -3) + 14 + -10 + -9.
20
Calculate -13 + 12 + -6 + (2 - -4) + -2 + -1.
-4
What is the value of 19 - 5 - (31 - (38 + 33))?
54
-563 + 573 - (-3 + -2 + (9 + -3 - 3))
12
Calculate 0 + (3 - 12 - (-16 - -11)) - -10 - 3.
3
(42 - -2) + -997 + 901
-52
Evaluate (17 - (4 - -6)) + 5 + (-10 - -6) + -9.
-1
What is the value of 22 + -20 + (-13 - (-53 - -11)) + 5?
36
Calculate (56 - 158) + 4 - -186.
88
What is the value of -18 + 43 + -7 + -18?
0
(-170 - -68) + 9 + 52
-41
What is the value of 0 + -1 + -1 - (-19 + 17 - (35 - 13))?
22
What is the value of -49 - (30 - 43) - (1 + 17)?
-54
-22 - (47 + -50 + (6 - 2 - 3))
-20
What is the value of (-76 - -293) + -124 + -107?
-14
13 - (15 + -20 + -10 - -45 - 4)
-13
What is the value of 18 - ((54 - (6 + -8)) + -112 + 125)?
-51
What is the value of -18 + -2 - (7 + (8 - (2 + 19)))?
-14
Evaluate 8 + 41 + 2 + (1 - (-4 + 20 + -4)).
40
What is the value of (6 + 21 + -17 - 26) + 8?
-8
What is 378 + -170 + 62 + -182?
88
420 - 344 - (-3 - -6)
73
(2 - 2) + 11 - (94 + (-58 - 55))
30
What is the value of 9 - 5 - 1 - (13 + (10 - 63)) - -8?
51
What is 26 + (-74 - -25) - -73?
50
Calculate (-7 + -5 - 24) + (-4 + -5 - (3 - 15)).
-33
What is the value of 0 + 18 - -4 - (16 - (3 + 24 - 18))?
15
Calculate -128 + (15 - -16) - -18 - -3.
-76
-295 + 266 + -10 + -2
-41
Evaluate -28 + (-1 - 13) + (34 - (0 - -22)) + -10.
-40
What is 30 - (16 - -2 - (-12 - -37))?
37
Calculate -48 + 13 - (-110 - -6).
69
Calculate -1 - (10 - (-26 + 25)).
-12
Evaluate 1 - 30 - (87 + -76 + -125).
85
0 + 1 + 0 + -39 - (2 + 3 + 0)
-43
(1 - 7) + -6 + 7 + -4 - (-4 + 3)
-8
Calculate -56 + (-21 - (-308 + 308 - (11 + 0))).
-66
Calculate -33 + (18 + 9 + -13 - (21 + 13)).
-53
-15 + (69 - 4) + -17 + (6 - 13)
26
(46 - 2) + 6 + 1 + (-24 - -15)
42
What is the value of (-19 - (1 - 9)) + -7 - (41 + -112)?
53
What is the value of -10 + 12 + -14 + 14 + -12 - -14 - -76?
80
Calculate -35 - -48 - (-40 + 80).
-27
Evaluate 61 + (71 - 138) - -53.
47
-13 + (-6 + 19 - 18) - (64 + -1)
-81
Calculate -1 + -90 + (16 - 41) + 26.
-90
Calculate 100 + -91 + 52 - -31.
92
(-1 - 0 - -7) + (-22 - 60 - -133)
57
(360 - 347) + 0 + 82
95
What is the value of -14 + (-18 - -22) + 24 + (-10 - -1) - 2?
3
What is (-5 - 0) + 49 - (35 + -25 + 3)?
31
Calculate 8 - 5 - ((-6 - (-4 - -5)) + (-14 - -2)).
22
Calculate (-4 - -10) + -26 + 37 + -21.
-4
Evaluate -42 + -25 + 60 + (2 + -61 - 3) - 3.
-72
What is -10 - (63 + -10 + -15)?
-48
Calculate 1 + -9 + (84 - (26 - -92)).
-42
Evaluate 2 + -48 + (-2 - (-2 + -17 - -12 - 3)).
-38
What is 3 + -9 + (0 - 5) + -236 + 331?
84
Calculate 321 - 338 - (2 - 29) - (-1 + 39).
-28
-3 - 16 - -2 - (-1191 + 1225)
-51
Evaluate (21 - (-2 + (17 - 7))) + (10 - (-6 - -6)).
23
What is 9 - (115 + 7) - -219?
106
What is -9 + (-2 - -4) - (-15673 - -15691)?
-25
What is the value of (21 - 0) + -6 + 30 + (4 - 11)?
38
What is the value of 79 + -85 + 6 + 8 + (38 - (0 - 0))?
46
13 + -23 + (-4 - ((-11 - -16) + -4))
-15
What is the value of -6 - (22 - -16) - (88 - -3)?
-135
What is -2 + -1 + -7 + (22 - 22) + -3?
-13
Evaluate (-11 - -17) + (4 - 14) + 1 + -12 + 3.
-12
Calculate (-6 + (1 - -2) - -22) + (10 - 7).
22
Evaluate -2 + -46 - (-45 - ((46 - 62) + -6)).
-25
-1 + 0 + 14 + -5 + -19 - -5
-6
Calculate (932 - 955) + (1 - -39) - 86.
-69
What is the value of (-31 - 0) + -4 - (4 - 1 - 12)?
-26
What is the value of (33 - 114) + -7 + 55?
-33
What is -10 - (105 + -2 + -20 + (3 - (5 - -11)))?
-80
Calculate -5 + -91 - -110 - (-2 - -27).
-11
What is the value of 13 + -13 + (5 + 2 - 16) + (-1 - -47)?
37
Calculate 3 - (29 + (-11 - (8 + -15)) + (-1 - 7)).
-14
What is the value of 0 - 2 - (13 - -18 - 47) - -2?
16
(-13 + -15 - 4) + (-3 - 1)
-36
0 + (-8 - 1) - (45 - (-32 + 59) - 14)
-13
Calculate -8 - (-29 + -15) - (-2 - -23).
15
Evaluate 28 + (0 - 0) - (-6190 + 6203).
15
What is the value of (-22 + -15 - 16) + (6 - 14) + 20 - -5?
-36
Evaluate -19 + (68 - 2 - 19) + -100.
-72
Calculate (58 - (-16 + 31)) + (0 - (2 + 9)).
32
Evaluate (1 - (30 - (6 - -2))) + -50 + 12 + -1.
-60
Calculate -26 + -16 + 33 + 9 + 44.
44
Calculate -116 - (-48 + 26) - -34.
-60
4 + -27 + 5 - (-50 + 104)
-72
-502 + 482 + -26 + (1 - 3)
-48
What is -3 - -7 - (46 + (-45 - -8) + -40)?
35
-3 + -3 + 2 + 22 + -28 + 6
-4
Calculate -64 - ((12 - -20) + -35).
-61
Calculate (4 - 15) + -8 + -26 + 7 + 23 + -13.
-28
Evaluate -1 + -74 + 8 + -4 - (-13 - 10 - -11).
-59
-5 - -41 - (0 + -10 - (63 - 62))
47
Calculate -69 + (95 - (15 + -44)).
55
Evaluate (-25 - 7) + (-3 - -61).
26
What is the value of -15 + (7 + 10 + -21 - -13) + 12?
6
What is (-79 - (73 - 81)) + 70?
-1
Calculate -50 + -12 + (20 - 6) + 4 + 4.
-40
What is the value of 129 + -213 + 84 + (-2 - -2 - 2 - -40)?
38
What is the value of (9 - (1 - -1) - -1) + -79 + 161 + -60?
30
What is the value of -8 - (3 - (35 - 46))?
-22
58 - (18 - (-11 + -17))
12
What is the value of 32 + 59 + -101 + (-2 - -78) + -2 + -2?
62
What is the value of (9 - 4) + -19 - (27 - 2)?
-39
What is (-233 - -113) + 103 - (-27 + 2)?
8
Evaluate 235 + -239 + 19 + (10 - -120).
145
Calculate (17 - 33) + 8 + 100 + -9 + 1.
84
What is (-23 + (-75 - -53) - -111) + -7 + 1 + -1?
59
1 - (108 + -109 - (2 + -14) - (1 - -1))
-8
(90 + -86 - (-9 + -1 - -3)) + 11
22
What is the value of 5 - ((-58 - -9) + (24 - (27 + -14)))?
43
What is 27 + 65 + -78 + (0 - -5) - -34?
53
What is 147 + (-73 - 43) - 42?
-11
Calculate -24 + (-116 - -113) + -65.
-92
Evaluate 39 + (-1 - 9 - (5 - (17 - 3))).
38
What is the value of (-542 - -618) + (3 - (-4 + 1 + -2)) - 2?
82
Evaluate 1935 + -1903 + (0 - 32).
0
What is -6 - (12 + -4 + -14) - (2 - (-19 + -8))?
-29
What is -53 + (22 - (9 - (3 - 3)) - 17)?
-57
What is the value of (-465 - -468) + (-2 - 29)?
-28
What is (-5 + (19 - 4 - 13) - 5 - -10) + 72?
74
Calculate (5676 - 5691) + (54 - 1).
38
Calculate -6 - (-23 + (28 - -6 - 31)).
14
What is the value of 4 - ((-1 - -24 - (-37 - -43)) + 111)?
-124
Calculate 27 - (13 - (-6 - -29)) - (4 + -11).
44
What is the value of 3 - 32 - ((61 - -18) + -139)?
31
Evaluate 6 + (6 - 18 - -16) + -2 + -4.
4
What is -1 + -28 - (-185 + 156)?
0
Calculate 10 + (53 +